31*t + 66*t. What is the remainder when t is divided by 171?
73
Let x be 5*((-3)/1 - -4) + 9. Suppose 0 = 10*v - x - 256. Calculate the remainder when v is divided by 14.
13
Suppose 3*p - 712 = -4*v + 1866, 4*v - 2580 = -2*p. Calculate the remainder when v is divided by 18.
16
Let a(w) = w**2 - w - 5. Let v be ((-12)/10)/((-3)/(-10)). Let f(h) = 8*h**2 - 86*h + 21. What is the remainder when f(11) is divided by a(v)?
13
Let b(j) = -j**2 - 3*j + 3. Let r be b(-3). Let s = r + 1. Suppose 21 = -13*v + 34. What is the remainder when s is divided by v?
0
Suppose 4*n - 75323 = -3*t, -5*n - 11873 + 106023 = 3*t. Calculate the remainder when n is divided by 35.
32
Suppose -24*a + 28*a = 16. What is the remainder when (-1)/(a/(-8) - 162/(-328)) is divided by 42?
38
Let j(a) = 2*a**3 - 16*a**2 + 4*a - 10. What is the remainder when 110 is divided by j(8)?
0
Let h(f) = -30*f**2 - 4*f + 2. Let d be h(2). Let p = -18 - d. Suppose -998 = -48*k + 106. What is the remainder when p is divided by k?
16
Let g = -1593 - -1639. Calculate the remainder when g is divided by 30.
16
Let z(m) = -26*m**3 - 2*m - 1. What is the remainder when (((-120)/(-6))/((-44)/14))/((-28)/308) is divided by z(-1)?
16
Suppose -14895 = -3*m - 5*a - 1206, m - 2*a - 4552 = 0. What is the remainder when m is divided by 20?
18
Suppose 39*s - 287*s + 24771 - 1707 = 0. What is the remainder when 1292 is divided by s?
83
Let a(k) = -33*k**3 - k**2 + k + 2. Let j be a(-1). Let s = -19 - j. Let f = 72 + s. What is the remainder when f is divided by 8?
4
Suppose -12 = 2*x + 2*x, 17 = 4*c + x. Suppose 0 = -l - 3*r + 19, -97 = 8*l - 12*l - c*r. What is the remainder when 117 is divided by l?
5
Let l(f) = f**3 + 14*f**2 + 10*f + 81. What is the remainder when 190 is divided by l(-13)?
70
Let j be (11 + -1)/(10/5). Suppose 422 - 87 = j*p. Let b = -23532 - -23549. Calculate the remainder when p is divided by b.
16
Suppose 252 = 6*v - 168. Suppose 5*s - 5 = 0, 2*i - 4*s + 220 = 5*i. Suppose 0*h + 2*h - i = 0. Calculate the remainder when v is divided by h.
34
Suppose -25*k - 318 = -2213 - 2205. What is the remainder when 983 is divided by k?
163
Let a = 8219 + -2411. What is the remainder when 111 is divided by a/165 + 12/(-10)?
9
What is the remainder when 21 is divided by 6/15*(-95)/532 - (-394)/28?
7
Let t = 320 - 283. Let v = -16 + t. Calculate the remainder when v is divided by 14.
7
Let t = -48433 + 49012. What is the remainder when t is divided by 149?
132
Let f = -9 - -7. Suppose 595 = 90*u + 235. Calculate the remainder when (-669)/(-15) + f/(-5) is divided by u.
1
Let o = -8388 - -8609. What is the remainder when o is divided by 64?
29
Let z = 5996 - 4531. Calculate the remainder when z is divided by 10.
5
Let g(i) = -11*i**3 + 6*i**2 + 12*i + 34. What is the remainder when g(-3) is divided by 5?
4
Let v = 60 + -43. Suppose 0 = -5*q + 2*r + 68 + 35, -4*q = -r - 83. What is the remainder when v/(((-10)/(-4))/5) is divided by q?
13
What is the remainder when 1917 is divided by ((-12)/(-36))/(4/99*13/104)?
3
Let v(g) = 40*g - 332. Let i(j) = 14*j - 111. Let p(x) = 14*i(x) - 5*v(x). What is the remainder when 99 is divided by p(14)?
49
Let s(f) = 12*f**3. Let u(y) = -96*y - 1396. What is the remainder when u(-15) is divided by s(1)?
8
Let g(h) = 2*h + 5. Let s(j) = 3*j**2. Let r be s(-2). Let u be 16/r*(-18)/(-8). Calculate the remainder when 76 is divided by g(u).
10
Let g be (-10)/(-7) + -1 - 539/(-343). Let z = 29 - g. Calculate the remainder when 106 is divided by z.
25
Suppose 844 + 173 = 3*p. Suppose p + 13 = 8*o. Let t = o - 32. What is the remainder when t is divided by 5?
2
Let p be -4 - (-56)/9 - (-6)/(-27). Let i(t) = 3*t - 17*t - 2*t**2 + 3*t**p + 9*t + t**3 - 8. Calculate the remainder when i(6) is divided by 24.
22
Let q = 17 + -15. Let g(n) = -3*n + 14*n**2 - 10*n**q + 3*n - 5 - 2*n. What is the remainder when 29 is divided by g(-2)?
14
Let k(u) = 3*u - 1. Let v be k(-9). Let d(c) = c**2 + 27*c + 13. What is the remainder when d(v) is divided by 1*(24 + 1*-2)?
19
Suppose -143*c - 339*c + 6816 + 4752 = 0. Suppose a - 9 = -2*a. Suppose 4*h = -a*z + 154, 44 = 2*z + 4*h - 64. Calculate the remainder when z is divided by c.
22
Let a be (66/30 - 3)*5. What is the remainder when 262 is divided by a/(-2)*(-124)/(-8)?
14
Let l = 16 + 51. Let s(u) = 13*u**2 + 52*u - 30. Let p(f) = 4*f**2 + 17*f - 10. Let o(g) = -7*p(g) + 2*s(g). What is the remainder when l is divided by o(-7)?
16
Let k(h) = 24*h + 1480. What is the remainder when 105 is divided by k(-59)?
41
Suppose 0 = 2*i - 3*c + 3, -5*c = -4*i - 8*c + 3. Suppose i = w + 2*x - 23, w + 3*x + 46 = 3*w. What is the remainder when 85 is divided by w?
16
Suppose -3*l - 5 = -44 - 27. Calculate the remainder when (-3728)/(-60) + (-10)/75 is divided by l.
18
Suppose 0 = -5*w + 50 + 95. What is the remainder when 517 is divided by w?
24
Suppose -5*a + 3*a = -24. Let z = -640 + 743. Suppose z = 3*b - 74. What is the remainder when b is divided by a?
11
Let z(g) be the first derivative of -2*g**3 - 17*g**2 - 2*g + 57. What is the remainder when z(-5) is divided by 6?
0
Let d(m) = m**2 - 7*m + 5. Let b be d(8). Let y = b - 9. Suppose -5*j - y*n + 61 = -63, 0 = -2*j - n + 49. What is the remainder when j is divided by 5?
4
Suppose -2*m + 0*m = -10, 0 = -3*y + 5*m + 278. Suppose 50 = 2*d - 3*q, -2*d + 591 = 5*q + 493. Calculate the remainder when y is divided by d.
33
Suppose 98 = 3*a - y, 2*a - y = a + 30. Let p = 139827 + -139731. Calculate the remainder when p is divided by a.
28
Calculate the remainder when 1698 is divided by (-1 - (0 - 8/5))/((-661)/(-29745)).
24
Let l(h) = -11*h + 246. Suppose 52*r - 21*r = 0. Calculate the remainder when l(r) is divided by 13.
12
Let t(g) = -155*g - 1077. What is the remainder when 63 is divided by t(-7)?
7
Suppose -235*c - 16753 + 64928 = 0. What is the remainder when 843 is divided by c?
23
Let d be (-5108)/68 - (-6)/51. Let g be -1*6/10 + d/(-125). Suppose -146 = -4*f - 2*n, g*n + 20 = 4*n. Calculate the remainder when f is divided by 19.
15
Let t be (-2)/(-6) + 0 + 6980/12. Suppose 4*m - 4*b - 1300 = 0, -4*m - 2*b + t = -706. What is the remainder when m is divided by 36?
35
Let g(n) = 17*n + 177. Let m be g(-9). Suppose 0 = m*y - 37*y + 1976. What is the remainder when y is divided by 23?
14
Let g be (18/15)/((-20)/(-50)). Suppose b - 4*v = 18, g*v - 12 = -3. What is the remainder when 118 is divided by b?
28
Suppose 5*h - 8*o + 4*o - 859 = 0, 7*o + 322 = 2*h. Suppose h = 5*q - 5*v, -5*v + 15 = -2*v. Calculate the remainder when 119 is divided by q.
39
Suppose -5*p - 40*w + 37*w + 1601 = 0, 0 = -4*p + 4*w + 1300. What is the remainder when p is divided by 13?
10
Let o(r) = 41*r**2 - 85*r**2 + 9 + 43*r**2 - 3*r. Suppose 4*b - 379 + 179 = 0. What is the remainder when b is divided by o(-3)?
5
Let p = -248 + 392. Suppose -p = 15*g - 23*g. Calculate the remainder when 53 is divided by g.
17
Let s be (-18 - -6 - -6)/(-2 + 0). Suppose -3*x + y = 6*y + 41, 2*x = -s*y - 27. What is the remainder when 63 is divided by ((-9)/x - 1)/(6/(-312))?
11
Suppose -1012 = -28*i + 444. Suppose 5*j - z + 31 - 163 = 0, 2*j + z - 57 = 0. What is the remainder when i is divided by j?
25
Let a(m) = 6*m**2 + m - 4. Let h(b) = -b**2 - 12*b + 7. Calculate the remainder when a(-2) is divided by h(-12).
4
Suppose -26*d = -13*d + 26. What is the remainder when 30 + 2/d*-5 is divided by 19?
16
Suppose 82*y = -171*y + 12916 + 76899. What is the remainder when y is divided by 180?
175
Let p = 888 + -883. What is the remainder when 446 is divided by p?
1
What is the remainder when 103 is divided by 9 - (1 - -1)*5/10?
7
Let j(d) = 16*d**3 + 4*d**2 - 8*d + 7. Suppose -13*k + 190 = -226. What is the remainder when j(2) is divided by k?
7
Let d = 55 - 32. Let i = d - 10. Let k = 571 - 496. What is the remainder when k is divided by i?
10
Let w = 1469 - 1440. Calculate the remainder when 1157 is divided by w.
26
Let t be (-3)/((5/20*6)/(-2)). Suppose 2 = 3*x + 5*v, 5*x - 18 - 7 = -t*v. What is the remainder when 17 is divided by x?
8
Let f = -417 - -428. Let q(t) = 21*t - 189. Calculate the remainder when 77 is divided by q(f).
35
Suppose 4*l - 157*f + 156*f = 487, 5*f = -15. Calculate the remainder when 3629 is divided by l.
120
Let f(q) be